is -1a + 556?
539
In base 13, what is 25 - 33?
-b
In base 15, what is 21 - -2d?
4e
In base 6, what is 401 - 1?
400
In base 12, what is -905 - 0?
-905
In base 2, what is 10000 - 11000?
-1000
In base 3, what is -11 + 10110000?
10102212
In base 13, what is 2 - 189?
-187
In base 10, what is -596 - -5?
-591
In base 12, what is 167 + -2b?
138
In base 7, what is -5 + -31122?
-31130
In base 4, what is 21133 + -222?
20311
In base 9, what is -14 + 2261?
2246
In base 12, what is 5 - -28a?
293
In base 7, what is -115 + 4?
-111
In base 9, what is -127 + 8?
-118
In base 3, what is -102022 - -1?
-102021
In base 7, what is -254 - -1?
-253
In base 10, what is 8147 + 2?
8149
In base 5, what is 1 - -10?
11
In base 9, what is -4 + 2633?
2628
In base 3, what is 2221 + -1002?
1212
In base 13, what is -11 + 27?
16
In base 10, what is 0 - 1648?
-1648
In base 8, what is -373 - 60?
-453
In base 15, what is 5e - 0?
5e
In base 8, what is 121 + 3?
124
In base 16, what is 5 + 3e?
43
In base 4, what is 10 - 2011?
-2001
In base 4, what is 11003 - -1?
11010
In base 14, what is -1d9 + 2?
-1d7
In base 6, what is 3 - 111?
-104
In base 14, what is -c - -13d?
131
In base 9, what is 7153 + 0?
7153
In base 13, what is -76 + 293?
21a
In base 14, what is 1 + 143?
144
In base 6, what is 0 + -430?
-430
In base 15, what is -14a + -3?
-14d
In base 9, what is 28616 - 4?
28612
In base 3, what is -100 + 112?
12
In base 6, what is 25343 + -3?
25340
In base 6, what is 133 - 30?
103
In base 13, what is 112 - 1a?
c5
In base 11, what is -2 + 47?
45
In base 14, what is 1 - c?
-b
In base 15, what is -1d - 215?
-233
In base 13, what is 8a3 - -3?
8a6
In base 9, what is -82 + 420?
327
In base 13, what is -78 + 6?
-72
In base 16, what is 0 - 50?
-50
In base 10, what is 2 + -7?
-5
In base 3, what is -1 - -12210?
12202
In base 15, what is 55 + 4?
59
In base 4, what is -11 + -121?
-132
In base 16, what is -102 + 4?
-fe
In base 12, what is 8 + 136?
142
In base 2, what is 100 + -110111010?
-110110110
In base 2, what is -10100011111 + 11000?
-10100000111
In base 11, what is a6 - -31?
127
In base 16, what is 21 + 91?
b2
In base 5, what is 4 + 334?
343
In base 7, what is 15 - -46?
64
In base 3, what is -10 - -11121111?
11121101
In base 15, what is -3 - d?
-11
In base 13, what is 6 + 4?
a
In base 10, what is -42 + -187?
-229
In base 10, what is -220 - 11?
-231
In base 9, what is 5 + -445?
-440
In base 4, what is 0 + 210?
210
In base 3, what is -212 + -20?
-1002
In base 3, what is -200002 + -12?
-200021
In base 2, what is 10011 + -10?
10001
In base 5, what is -113244 + -11?
-113310
In base 4, what is -13 - -12112?
12033
In base 8, what is 340 + 11?
351
In base 12, what is -8 - 6?
-12
In base 11, what is -2 - 170?
-172
In base 2, what is 100 - -101001101?
101010001
In base 4, what is 2012021 + 11?
2012032
In base 4, what is 110100 + -2?
110032
In base 6, what is 4 + -22354?
-22350
In base 5, what is -21032 + -34?
-21121
In base 14, what is -5 + -39?
-40
In base 4, what is -3 + -302?
-311
In base 8, what is -215 + 7?
-206
In base 12, what is -431 - -1a?
-413
In base 13, what is 3 + 179?
17c
In base 12, what is -5 + -663?
-668
In base 10, what is -2246 - 5?
-2251
In base 8, what is 37 + 4?
43
In base 6, what is -5 + 22010?
22001
In base 7, what is 16 - -363?
412
In base 15, what is 1 + -d4?
-d3
In base 2, what is -100100101110 + -101?
-100100110011
In base 16, what is 5 - -19?
1e
In base 3, what is 12000 + 1000?
20000
In base 10, what is 0 + -658?
-658
In base 13, what is 1 - 2b0?
-2ac
In base 9, what is -3 - 133?
-136
In base 9, what is 1 + 185?
186
In base 10, what is 2 + -77?
-75
In base 5, what is 224 - 124?
100
In base 13, what is 94a + -3?
947
In base 2, what is -100 - -1111011110?
1111011010
In base 15, what is -25ec + 2?
-25ea
In base 9, what is -125 - -1?
-124
In base 7, what is -6 + 2452?
2443
In base 6, what is -2 + -134?
-140
In base 3, what is -1120 - 22?
-1212
In base 2, what is -1000001010 - -1101?
-111111101
In base 7, what is -5 + 305?
300
In base 9, what is -2 - -827?
825
In base 10, what is -2 - -4531?
4529
In base 4, what is 212012 - 2?
212010
In base 8, what is -4 - -10?
4
In base 6, what is -4 - 1414?
-1422
In base 11, what is -139 + 2?
-137
In base 15, what is -3 + 1ca?
1c7
In base 14, what is d + 2?
11
In base 16, what is 5 + -10?
-b
In base 3, what is 12 + -2201?
-2112
In base 5, what is 4 + -103?
-44
In base 4, what is 11 - -13?
30
In base 6, what is -1 - -12500?
12455
In base 2, what is -111000010 + -11?
-111000101
In base 2, what is 10110110101111 - -10?
10110110110001
In base 2, what is 11100 + -1111110?
-1100010
In base 8, what is -4 + -6052?
-6056
In base 13, what is 10 + -3?
a
In base 9, what is -5 - -215?
210
In base 9, what is -22 + 40?
17
In base 16, what is 104 + -2a?
da
In base 3, what is -11111100 - -10?
-11111020
In base 2, what is -1100 + 1110?
10
In base 13, what is 4 - 29?
-25
In base 16, what is c + b3?
bf
In base 12, what is 5ba + -3?
5b7
In base 13, what is -16a - 3?
-170
In base 2, what is -1100011011 + 1?
-1100011010
In base 8, what is -4411 + 2?
-4407
In base 5, what is -4 + -2301?
-2310
In base 12, what is -17 - 396?
-3b1
In base 4, what is 121 + -210?
-23
In base 5, what is 213 - 13?
200
In base 4, what is -10021 - -110?
-3311
In base 9, what is -64 - 2?
-66
In base 13, what is 4 + -55?
-51
In base 5, what is 2424 - -10?
2434
In base 16, what is -3f - -1?
-3e
In base 9, what is -10 + -6?
-16
In base 10, what is -14 - -65?
51
In base 5, what is 13 - 4420?
-4402
In base 7, what is 332 - 3?
326
In base 12, what is b0 + 3?
b3
In base 16, what is -e + -4?
-12
In base 8, what is 2 + -42?
-40
In base 6, what is -3 + 1321?
1314
In base 7, what is 6 + -414?
-405
In base 8, what is 155 + 2?
157
In base 8, what is -1 - -36?
35
In base 16, what is -cf - -2?
-cd
In base 5, what is 143 + 3?
201
In base 8, what is 1644 - 4?
1640
In base 15, what is -4 + -8?
-c
In base 16, what is e6 - -5e?
144
In base 13, what is 31a6 - 3?
31a3
In base 11, what is -405 - 5?
-40a
In base 12, what is 3253 - 0?
3253
In base 5, what is 1304 + 4?
1313
In base 5, what is 11 - -43323?
43334
In base 5, what is -130 - 3?
-133
In base 8, what is 3 + 1107?
1112
In base 8, what is 11 + -6?
3
In base 8, what is 2 - -35?
37
In base 3, what is -1220 - 2?
-1222
In base 16, what is 24 + 4?
28
In base 12, what is -1132 + 1?
-1131
In base 15, what is 5172 - 1?
5171
In base 2, what is -101 + 110?
1
In base 3, what is -122 + -100112?
-101011
In base 3, what is 0 - -202?
202
In base 6, what is -105 - -523?
414
In base 12, what is -b3 + 0?
-b3
In base 14, what is -5 + -1a91?
-1a96
In base 6, what is -4 - -35?
31
In base 8, what is -4 - -1527?
1523
In base 5, what is 44 - -122?
221
In base 9, what is -4688 + -6?
-4705
In base 15, what is -8 - 25?
-2d
In base 4, what is -10312 + -2?
-10320
In base 6, what is -45445 + 2?
-45443
In base 4, what is 131 - 11?
120
In base 15, what is 5 - -31?
36
In base 10, what is -163 - 7?
-170
In base 14, what is 14 - -3?
17
In base 14, what is -25 - 2?
-27
In base 15, what is 19 - 37?
-1d
In base 4, what is 0 - -20332?
20332
In base 7, what is 5 + 50?
55
In base 11, what is 77 - 1a?
58
In base 2, what is 110101111111100 + -100?
110101111111000
In base 10, what is 43 + 9?
52
In base 8, what is 605 + -6?
577
In base 10, what is -13 - 0?
-13
In base 3, what is 10221 - -22111?
110102
In base 2, what is -10 - -1010001?
1001111
In base 8, what is -14070 - -2?
-14066
In base 3, what is -22 - 111200?
-111222
In base 12, what is 3a6 - -2?
3a8
In base 6, what is -3250 + -2?
-3252
In base 16, what is 2 - 15?
-13
In base 8, what is 1425 - 4?
1421
In base 16, what is -a12 + 7?
-a0b
In base 3, what is -2 + -20122?
-20201
In base 15, what is 228 + -3?
225
In base 12, what is 12 - 3?
b
In base 16, what is 5 - -1d7?
1dc
In base 8, what is 17 + 2?
21
In base 11, what is 3605 - -3?
3608
In base 7, what is -2 + -255?
-260
In base 6, what is 2 + 135?
141
In base 11, what is 1 - -158?
159
In base 3, what is -10011202 + 10?
-10011122
In base 2, what is 10000010001001 - -11?
10000010001100
In base 16, what is 5 + -216?
-211
In base 6, what is -50 + -143?
-233
In base 6, what is 4 - 220?
-212
In base 7, what is -4 + -11436?
-11443
In base 3, what is 101220110 + 11?
101220121
In base 5, what is -10 - 4032?
-40